 common divisor of 69186 and 131118.
78
What is the highest common divisor of 10507458 and 663?
39
Calculate the highest common divisor of 1823897 and 654.
109
Calculate the highest common divisor of 4428 and 224364.
12
Calculate the highest common divisor of 52908284 and 68.
68
What is the greatest common factor of 5870625 and 65875?
3875
What is the highest common divisor of 136975365 and 7570?
3785
Calculate the greatest common divisor of 4181 and 1234299.
113
Calculate the greatest common factor of 205198 and 6454.
14
What is the greatest common factor of 174 and 1077464608?
58
Calculate the greatest common divisor of 18753 and 2899806.
987
What is the highest common factor of 22925 and 340025?
175
What is the highest common divisor of 2303078 and 3056?
382
Calculate the highest common factor of 648 and 301032936.
648
What is the greatest common divisor of 95498925 and 873?
291
Calculate the greatest common divisor of 8789 and 3030137.
517
What is the highest common divisor of 217 and 45629303?
31
What is the greatest common divisor of 11907 and 939918?
147
What is the greatest common divisor of 28 and 37290617?
7
What is the greatest common factor of 448311633 and 441?
147
What is the greatest common divisor of 540 and 5584572?
108
What is the highest common factor of 56 and 9539138?
14
What is the highest common factor of 295806 and 154182?
42
Calculate the highest common divisor of 8968 and 50236.
76
What is the highest common divisor of 285 and 138564663?
57
What is the greatest common divisor of 8678 and 46978353?
4339
What is the greatest common factor of 59780335 and 1909?
1909
Calculate the greatest common factor of 11559867 and 27267.
447
What is the greatest common divisor of 5512612182 and 14?
14
What is the greatest common divisor of 39307376 and 32?
16
Calculate the greatest common factor of 1027968 and 262464.
192
What is the greatest common factor of 59502421 and 4906?
2453
What is the highest common divisor of 19692244 and 429?
143
Calculate the greatest common factor of 8161686 and 18252.
3042
Calculate the greatest common factor of 48003436 and 676.
676
What is the greatest common divisor of 1685 and 224852466?
337
Calculate the greatest common divisor of 76 and 15473201.
19
What is the greatest common divisor of 39360 and 1317945?
615
What is the highest common factor of 16572168 and 11826?
3942
What is the highest common factor of 511643 and 24386549?
2651
What is the highest common divisor of 23015368 and 40?
8
Calculate the greatest common divisor of 5740301 and 119.
7
Calculate the highest common divisor of 5372432 and 50531.
299
Calculate the greatest common divisor of 3088524 and 6194.
326
Calculate the highest common divisor of 9828528 and 2.
2
Calculate the highest common factor of 2450375 and 7375.
125
What is the greatest common factor of 6241740 and 768?
12
Calculate the greatest common divisor of 6882 and 3065524.
74
What is the highest common divisor of 531 and 794243781?
531
What is the greatest common divisor of 18 and 38189727?
9
Calculate the greatest common factor of 13574 and 4327638.
1234
What is the highest common factor of 203691824 and 17052?
5684
Calculate the highest common factor of 149222781 and 2741.
2741
Calculate the highest common factor of 741 and 22070932.
247
What is the highest common factor of 1030342511 and 578?
289
Calculate the highest common factor of 600 and 494880.
120
Calculate the greatest common divisor of 1054890 and 44400.
30
Calculate the highest common factor of 223150 and 4.
2
What is the highest common factor of 926 and 23151389?
463
What is the greatest common divisor of 1817 and 2273642?
23
What is the highest common divisor of 34938 and 4640284?
1294
Calculate the highest common factor of 38123223 and 2487.
2487
What is the highest common divisor of 1919 and 8249276?
101
What is the highest common factor of 18509 and 115068?
223
Calculate the greatest common factor of 536095 and 15211.
371
What is the greatest common divisor of 394769001 and 88?
11
What is the greatest common factor of 225492 and 543628?
1748
Calculate the greatest common divisor of 104 and 159356405.
13
Calculate the greatest common divisor of 506 and 9216836.
46
What is the highest common divisor of 165095 and 73247?
89
What is the highest common factor of 5094178 and 472?
118
Calculate the highest common divisor of 565340 and 28520.
460
Calculate the highest common factor of 1636 and 205004.
4
Calculate the greatest common divisor of 2264690 and 67310.
530
What is the highest common divisor of 4333631 and 36641?
3331
What is the greatest common divisor of 1821000 and 34500?
1500
Calculate the highest common divisor of 585 and 1279005.
195
What is the greatest common divisor of 16698027 and 9393?
303
What is the greatest common factor of 347551064 and 1239?
413
What is the greatest common divisor of 877889286 and 18?
18
What is the greatest common factor of 13112328 and 964?
964
Calculate the highest common divisor of 598 and 6903728.
26
Calculate the highest common factor of 923356 and 14372588.
2692
What is the greatest common divisor of 171909 and 34533?
27
What is the highest common divisor of 44 and 56636074?
22
What is the greatest common divisor of 51135180 and 30?
30
What is the highest common factor of 870 and 50675035?
145
What is the greatest common factor of 2636537549 and 1051?
1051
Calculate the greatest common factor of 204480 and 20760.
120
What is the greatest common factor of 186428 and 468523?
2453
What is the highest common factor of 24 and 1546094028?
12
What is the greatest common divisor of 31798 and 21996878?
2446
Calculate the highest common factor of 584 and 179818126.
146
What is the greatest common divisor of 24 and 888894?
6
Calculate the greatest common divisor of 1182 and 22576594.
394
Calculate the greatest common factor of 11405114 and 1316.
658
What is the greatest common factor of 36422210 and 5115?
1705
What is the greatest common factor of 7126751 and 1347631?
2491
Calculate the highest common factor of 7033284 and 144.
36
Calculate the greatest common divisor of 40596248 and 350.
14
What is the highest common divisor of 499148645 and 3910?
1955
What is the highest common factor of 4464 and 1158768?
144
Calculate the highest common factor of 62342770 and 21.
7
Calculate the greatest common divisor of 3501966 and 714.
102
What is the greatest common divisor of 97 and 200420?
1
Calculate the highest common divisor of 14 and 887254746.
14
What is the greatest common divisor of 10001 and 2539843?
137
Calculate the greatest common factor of 14366950 and 39.
13
Calculate the highest common divisor of 1402584 and 660.
12
Calculate the highest common divisor of 7 and 18341932.
7
What is the greatest common divisor of 269559 and 22223151?
4419
Calculate the greatest common factor of 4000 and 12625.
125
What is the highest common divisor of 2237 and 2397231836?
2237
Calculate the greatest common factor of 51522 and 80662.
62
Calculate the greatest common factor of 78 and 11716302.
78
What is the greatest common factor of 63177974 and 2458?
2458
Calculate the highest common divisor of 16899 and 767529.
393
What is the highest common factor of 356601 and 327705?
21
Calculate the highest common factor of 756 and 163574908.
28
What is the highest common divisor of 197798095 and 4235?
605
Calculate the greatest common divisor of 7581084 and 2742.
6
What is the highest common divisor of 2806 and 384178?
122
What is the highest common divisor of 11664 and 29520?
144
What is the greatest common factor of 78427880 and 1402?
1402
What is the highest common factor of 39694205 and 115?
115
What is the greatest common factor of 19615110 and 1530?
510
Calculate the highest common divisor of 4195571 and 7626.
1271
Calculate the highest common divisor of 2716 and 7712488.
28
Calculate the greatest common factor of 69580 and 206468.
284
Calculate the greatest common divisor of 98 and 27518743.
49
Calculate the greatest common divisor of 4619315 and 670.
335
Calculate the highest common divisor of 329825 and 19952325.
4175
Calculate the highest common factor of 78 and 15082194.
6
What is the highest common divisor of 300 and 124665?
15
Calculate the greatest common divisor of 77 and 50